7
Let a = -269 + 342. What are the prime factors of a?
73
Let n(f) = -f**3 + 19*f**2 - 11*f - 8. Let r be n(18). Suppose o = 32 + r. List the prime factors of o.
2, 3, 5
Let u(j) = -16*j + 24. Let t(q) = 13*q + 56. Let x be t(-5). List the prime factors of u(x).
2, 3, 7
Suppose -22*q + b + 5365 = -17*q, 0 = 2*b - 10. What are the prime factors of q?
2, 3, 179
Suppose 3*l - 27 = -2*t, -4*l + 22 + 14 = -t. Suppose l*p - 479 - 430 = 0. List the prime factors of p.
101
Suppose -5*q + 3*m + 2215 = 0, 2*m = -q - 0*m + 456. List the prime factors of q.
2, 223
Let c be (-18)/24 - (-46)/8. Let r(f) = f**2 - f - 11. Let t be r(c). Suppose 0 = 2*j - 5 - t. List the prime factors of j.
7
Let t(w) = w**2 - 13*w + 39. Suppose -2*d - i = 12 - 43, i = -5*d + 82. What are the prime factors of t(d)?
107
Let j(y) = -183*y - 204. What are the prime factors of j(-13)?
3, 5, 29
Let w be (-76)/28 + 6/(-21) - -11. Let a(k) = -2*k**3 + 16*k**2 + 4*k - 4. What are the prime factors of a(w)?
2, 7
Suppose 127*k - 352980 - 318342 = 0. List the prime factors of k.
2, 3, 881
Suppose -7 = 5*c - 37. Suppose 0 = c*x - x. Suppose -3*s = -x*s - 15. What are the prime factors of s?
5
Let j = 1497 - 884. List the prime factors of j.
613
Suppose 3*y + 69 = -6. Let n = y + 36. Let v = n + -1. What are the prime factors of v?
2, 5
Suppose 0 = 30*g - 5*g - 4000. List the prime factors of g.
2, 5
Let l = -5 + -7. Let p = -8 - l. List the prime factors of p.
2
Let v(z) be the third derivative of 0*z - 1/6*z**4 - 8*z**2 + 5/6*z**3 + 1/120*z**6 + 1/10*z**5 + 0. What are the prime factors of v(-6)?
29
Suppose n = 4*n - 6. Let i(v) = -4 - 7 + 5 + 2*v - n. What are the prime factors of i(9)?
2, 5
Let g(t) = 4*t**2 + 12*t - 27. List the prime factors of g(-7).
5, 17
Let h(k) = 3*k + 16. Let b be h(-7). Let s = b - -19. Let n = 57 - s. What are the prime factors of n?
43
Let r(j) be the second derivative of -j**4/3 + j**3 - 3*j**2 - 3*j. Let n(z) = -3*z**2 + 5*z - 7. Let t(x) = 5*n(x) - 4*r(x). List the prime factors of t(6).
31
Suppose 0 = 7*j - 206 - 900. Let d = j - 72. What are the prime factors of d?
2, 43
Let d = -137 + 137. Suppose k - 147 = -d*k + 3*f, -k + 162 = 2*f. What are the prime factors of k?
2, 3, 13
Let b = 76 - -1. List the prime factors of b.
7, 11
Suppose -25 - 38 = -3*c. Suppose 0 = -4*g + 2*p - 28, p - 11 = 4*g + c. Let q = 13 + g. List the prime factors of q.
2
Let q = 36 + -33. Suppose -2*t + 3*t - q*r - 193 = 0, 193 = t + 2*r. What are the prime factors of t?
193
What are the prime factors of (27/(-108))/((-1)/5932)?
1483
Suppose -99*q + 91*q = -15448. What are the prime factors of q?
1931
Suppose -f + 5*w - 57 = 0, 0 = -4*f + 3*w - 31 - 112. Suppose 53 = -5*h - 4*t + 230, -5*t = -3*h + 84. Let v = h - f. What are the prime factors of v?
5, 13
Let i = -8246 - -13910. What are the prime factors of i?
2, 3, 59
Let h(o) = 2*o**2 + 7*o + 2. Let p be h(-6). Suppose 5*k = 2*s - 3*s - 84, 5*k + 68 = 3*s. Let r = k + p. List the prime factors of r.
2
Let n = -594 - -860. Let m = n - 24. List the prime factors of m.
2, 11
Suppose 59*p - 70*p = -781. List the prime factors of p.
71
Let c(r) = 2*r + 0*r**2 - 3 + r**2 + 9 + 5*r. Let y be c(-6). Let a = y + 5. List the prime factors of a.
5
Let p(k) = 4*k**2 - 4*k + 41. List the prime factors of p(-7).
5, 53
Let q be 10/(-3 + ((-1444)/(-288) - 2)). Let x be (4/6)/(1/(-33)). List the prime factors of (-4)/x - q/(-33).
2, 11
Let w(l) = 2*l**3 - 8*l**2 + 32*l - 10. What are the prime factors of w(9)?
2, 17
Let v = 14 - 22. Let y = 9 + v. List the prime factors of ((-6)/8)/(y/(-4)).
3
List the prime factors of (-9 - -1530 - (-2 - -2)) + -1.
2, 5, 19
Let b(z) = -z**2 + 6*z - 7. Let c be b(6). Let u = c + 17. Suppose u = 5*s, -3*l + 2*s = -39 - 86. List the prime factors of l.
43
Suppose 2361 = t - a + 582, 4*t - 7118 = 5*a. List the prime factors of t.
1777
Suppose -d + 1 = 0, -6*d + 4*d = 5*u + 103. Let r be (u/2)/(4/(-8)). What are the prime factors of 7/r + (-59)/(-3)?
2, 5
Suppose -l + 7*l = 0. Suppose -3*f - 1 - 2 = l, 48 = r + 3*f. List the prime factors of r.
3, 17
Let y be -4*((4 - 3) + -3). Let u = 1 + y. Suppose v - 3 - u = 0. What are the prime factors of v?
2, 3
Suppose -5*a + 6*a = 5*q - 40, -q + 2 = a. Let s(l) = l**3 - 4*l**2 - 11*l + 16. What are the prime factors of s(q)?
2, 43
Let i(f) = -f**2 - 6*f - 3. Let h be i(-4). Suppose -4*n - 4*x + 46 = 14, 0 = -4*n - h*x + 35. Suppose n*m + 0*m - 65 = 0. List the prime factors of m.
13
Suppose 5*m - 4*y + 9*y = 45, -3*m = -2*y - 27. Suppose 5*x = 2*x + m. Let l(u) = 2*u**3 - 4*u**2 + u - 2. What are the prime factors of l(x)?
19
Suppose -10*w - 48 = -8*w. Let u be ((-94)/(-3))/(w/(-36)). Suppose -8*x - u = -199. List the prime factors of x.
19
Let g = -180 + 533. List the prime factors of g.
353
Let a = -1478 + 2301. List the prime factors of a.
823
Suppose -2*t = 2*w + 19 + 11, 4*t = -3*w - 50. Let q be (w/(-4))/(1/138). What are the prime factors of (-2)/(-8) + q/12?
29
Let a(b) = -b - 10. Let j be a(-13). Suppose -i = -6*i + 5*d + 55, j*d - 23 = -i. Suppose 0*y + 5*n = -3*y + 8, y - 4*n = i. What are the prime factors of y?
2, 3
Suppose 13 = -3*d - y, -27 = 2*d - 3*y - 0*y. Let r be (d/10)/(1/(-15)). Suppose 2*n - r = 39. List the prime factors of n.
2, 3
Suppose 0 = -155*i + 161*i - 2460. List the prime factors of i.
2, 5, 41
Let m(j) = 469*j**2 + j. Let u be m(1). Suppose 0 = 3*p + 5*y - 0*y + 349, -2*y = 4*p + u. Let n = p + 170. What are the prime factors of n?
2, 13
Let y(b) = -b**3 - b**2 + b. Let p(o) = -109*o**3 + 4*o**2 - 3*o - 1. Let k(g) = -p(g) - 5*y(g). What are the prime factors of k(1)?
2, 3, 19
Suppose -5*f - 3*r = -4057, -33*r = -30*r + 3. What are the prime factors of f?
2, 7, 29
List the prime factors of (4218/37)/((-6)/(-128)).
2, 19
Suppose 2*t - 4*t + 2*k = 38, -3*t = -4*k + 62. List the prime factors of t/21 + 692/3.
2, 5, 23
Let o(l) be the second derivative of l**5/10 + 7*l**4/12 + l**3 + l**2 + 6*l. Let i be o(-4). Let k = i - -61. What are the prime factors of k?
23
Suppose 5*b + 18 = 2*b. Let x(w) = 6*w - 15*w**2 - 15*w**2 - 18*w**2 - w**3 + 7 + 43*w**2. What are the prime factors of x(b)?
7
Suppose -3 = -3*n + 3*i + 12, -3*n + 15 = 5*i. Suppose n*y = 107 + 388. What are the prime factors of y?
3, 11
Let x = -28 + 34. What are the prime factors of ((-22)/3)/((-4)/x)?
11
Let b(q) = 642*q - 354. List the prime factors of b(3).
2, 3, 131
Suppose -3*n = -q + n - 57, -3*n = -12. Let k = -4 - q. List the prime factors of k.
37
Let g = 64 - 87. Suppose 4*j = -j + x + 227, 39 = j + 3*x. Let d = g + j. List the prime factors of d.
2, 11
Suppose u = -u - 58. Let r = 46 + u. Suppose 0*v = v - r. What are the prime factors of v?
17
Let d(a) = -945*a + 61. List the prime factors of d(-1).
2, 503
Suppose -500 + 2348 = 21*n. List the prime factors of n.
2, 11
Suppose 2516 = -p + 3373. What are the prime factors of p?
857
Suppose v = 4, 3*v + v + 14 = 3*h. Suppose 2*f - 14 = 2*s, s + h - 1 = 2*f. List the prime factors of (-2 - (-1 - f))*23.
23
Let t(f) = 99*f**2 - 57*f - 248. List the prime factors of t(-4).
2, 17, 23
Let i(f) = f**3 - 15*f**2 + 31*f - 9. Suppose -5*g = -3*a - 71, 5*g = 3*g + 3*a + 32. List the prime factors of i(g).
2, 7
Suppose 0 = 8*n - 1067 - 757. What are the prime factors of n?
2, 3, 19
Let j be (-3)/(9/(-3))*-5. Let f = j + 2. Let b(r) = -9*r + 2. List the prime factors of b(f).
29
Let p(q) = 5*q**3 - 2*q**2 - q. Let o be p(-1). What are the prime factors of (-464)/o - (-7)/(-21)?
7, 11
Suppose 2017 = 4*z - y - 954, -2*z + y = -1485. List the prime factors of z.
743
Suppose -4*z + 9 = 1. Suppose -197 - 55 = -z*o. List the prime factors of o.
2, 3, 7
Suppose 52*y - 60*y = -9880. What are the prime factors of y?
5, 13, 19
Suppose 0 = 2*s + 3*i + 3 + 17, -36 = 3*s + 3*i. Let p be (s/(-2))/(6/12). List the prime factors of (-1)/(0 + 1) + p.
3, 5
Suppose -4*h - 1026 = -2*g, -2*g + 938 + 88 = h. Suppose -5*x - 4*t + g = 35, 4*x - 2*t - 398 = 0. What are the prime factors of x?
2, 7
Let d(y) be the third derivative of -y**5/60 - 5*y**4/6 + 7*y**3/2 + 8*y**2. List the prime factors of d(-18).
3, 19
Let p(w) = -8*w**3 + 2*w - 5. What are the prime factors of p(-3)?
5, 41
Let n = 23 - 24. List the prime factors of (24 - -14)*(n - -3).
2, 19